
Suppose -2*d + 5*q + 2 = 19, 0 = -2*d + 2*q - 8. Let p be (1*4*d)/((-14)/364). What is the highest common divisor of 260 and p?
52
Let w be -7 - (10/2 - 9) - -385. Suppose w + 689 = 9*o. Calculate the greatest common factor of o and 21.
7
Suppose 12*v + 0*v - 5381 - 10195 = 0. Calculate the greatest common factor of v and 1062.
118
Let r = -31 + -398. Let q = r - -434. Calculate the greatest common factor of 20 and q.
5
Suppose 84 = 14*w + 224. Let m be 169 - (90/54)/(w/(-24)). Let p(s) = -s**3 + 5*s**2 + 9*s - 3. Let t be p(6). What is the greatest common factor of m and t?
15
Let p be 13/((-1144)/16) - (-128)/(-22). Let v be (27/18)/(p/(-164)). Calculate the greatest common divisor of v and 287.
41
Let o = -1879 - -1886. Let h(x) = 56*x - 14. Let f be h(6). Calculate the highest common divisor of f and o.
7
Let w(r) = 3*r**3 + 4*r**2 - 4*r + 2. Let l be w(1). Let d be (l/(5/62))/2. Calculate the highest common divisor of d and 279.
31
Let z be -2 + 2 + 3096/(-8) - -3. Let t = z - -540. Calculate the highest common divisor of 104 and t.
52
Let f(k) = 2*k - 5. Let s be f(11). Calculate the highest common factor of 204 and s.
17
Let i(b) = 159*b**3 + b**2 - 2*b + 2. Let h be i(1). Suppose -3*x + h + 50 = 0. What is the highest common factor of 30 and x?
10
Suppose b - 2*i = 29, -5*i = -3*b + 51 + 32. Let u be (-28)/b - (-444)/9. Let n = 15 - -1. What is the greatest common divisor of u and n?
16
Suppose 30*q = 690 - 120. Suppose -14*o + 457 = -q. Let n = 178 - 127. Calculate the greatest common divisor of o and n.
17
Let k = -11 - -18. Suppose 0 = -11*v + k + 59. What is the highest common divisor of 150 and v?
6
Let w be ((-13140)/(-3))/10 + 9. What is the highest common factor of 2831 and w?
149
Let o = -20848 + 34356. Calculate the greatest common factor of 22 and o.
22
Suppose -2*t + 32 = 3*n, 2*n + 47*t - 18 = 49*t. What is the highest common divisor of n and 1130?
10
Suppose 5*k + 4*t + 3 = 126, -t = -3*k + 84. Suppose -k*p + 12*p + 1080 = 0. Let z be (-1)/3 - 25/(-3). What is the highest common divisor of z and p?
8
Let w(o) = -42*o + 319. Let a be w(4). Calculate the highest common factor of 4077 and a.
151
Let p be 1 + 1 + 3/(-3). Let f(v) = 6 + 284*v + 280*v - 563*v. Let z be f(-1). Calculate the highest common factor of p and z.
1
Let z be (1 - 0)*998 + 1. Suppose 5*x + 124 = 2*v, -121 = -3*v + 38*x - 37*x. Calculate the greatest common divisor of v and z.
37
Let x = -3811 - -3824. Calculate the greatest common factor of x and 390.
13
Let i = -166 + 652. Let o be 107676/i - (22/(-9) - -2). Calculate the greatest common divisor of o and 370.
74
Let z be 402336/924 - (-1 + -1 + (-10)/(-7)). Calculate the greatest common divisor of 109 and z.
109
Let i = -40 + 55. Let q be 3/5 - (-1476)/i. Let z = 61 - 52. Calculate the highest common factor of q and z.
9
Let s be ((-174)/(-30) - -9)/((-2)/(-80)). Suppose 5*u = 2*g - 53 - 253, 5*u = 4*g - s. What is the highest common divisor of 52 and g?
13
Let m be -2*(1 + -2) - -1. Let p(d) = 4*d**2 + d + 1. Let k be p(m). Let n be 101 - (77 + -62 - (15 + -1)). What is the greatest common factor of k and n?
20
Suppose -2*u = 21*u - 8*u - 315. Calculate the greatest common factor of u and 273.
21
Suppose h - 1917 = -5*d, -4*d + 1155 = -d - h. Let g be 6 - (48/(-26) - 22/143). What is the greatest common factor of d and g?
8
Let s be ((-645)/(-86))/((-6)/(-100)). What is the greatest common divisor of 85 and s?
5
Let a(n) = 90*n**2 - 9*n + 26. Let h be a(2). What is the greatest common factor of h and 144?
16
Suppose -2*p + 764 = 2*g, p - 2*g - 1528 = -3*p. Let o = p - 302. What is the highest common factor of 140 and o?
20
Suppose 0 = -2*b + 6. Let l be (23 - b) + (-16)/4. What is the highest common divisor of 16 and l?
16
Let g(m) = m**2 + 73*m + 1140. Let r be g(-18). What is the highest common factor of r and 24?
6
Let s(p) = 111*p + 2852. Let x be s(-24). Calculate the greatest common divisor of 5 and x.
1
Let f = 303 - 301. Suppose 5*j - b - 381 = 0, -f*b = -5*j - 3*b + 389. Calculate the highest common factor of 44 and j.
11
Let t = -574938 - -574966. Let x be (-186)/((-22)/(-28) + -1). What is the greatest common divisor of t and x?
28
Let j = 231 + -131. Let q(v) = 5*v + 255. Let i be q(-21). Calculate the greatest common divisor of j and i.
50
Suppose 0 = 21*z - 14850 - 2958. What is the greatest common divisor of z and 16?
16
Let r be (-41433)/(-140) - -1*3/60. What is the highest common factor of 664 and r?
8
Let z be (-10)/30 + (-1)/(-3). Suppose 0 = 3*k - h - 24 - 55, z = h + 4. What is the highest common divisor of 425 and k?
25
Let n(q) = 21*q - 15. Let t be n(5). Let x be ((-9)/4 - -2) + t/40. Calculate the highest common factor of 62 and x.
2
Suppose -t - 856 = -i, -1697 = -2*i + 16*t - 11*t. What is the greatest common divisor of i and 273?
21
Suppose 0 = -2*p + m + 4, -3*p + 2*m + 2 + 3 = 0. Let t be (-1 - 30/(-20))/(1/382). Let h = t - 158. What is the greatest common divisor of h and p?
3
Let z be 10/(-25) + 1 + (-157535)/(-25) + -2. Calculate the highest common divisor of z and 140.
140
Let f(m) = -m**3 - 61*m**2 + 160*m - 523. Let o be f(-65). Calculate the highest common divisor of 278 and o.
139
Let s be ((-40)/(-50))/((-6)/15). Let w be (-26)/s - 4 - 3. Suppose -k + 1 + 14 = 3*m, 3*m + 39 = 2*k. What is the greatest common divisor of w and k?
6
Let g be (-152)/(-6) - (1 - (-3)/9). Let y = 114 - g. Calculate the greatest common divisor of 225 and y.
45
Suppose 5*f - 7 = l + l, 0 = -4*f - 5*l + 32. Let m be (-1)/f + 65/15. What is the greatest common divisor of m and 28?
4
Let t(l) = l**3 + 6*l**2 + 6*l - 3. Suppose -4*u - 24 = 4*u. Let j be t(u). Suppose -j*h = -123 - 867. What is the highest common factor of 15 and h?
15
Suppose 0 = -5*z + 3*z + r - 67, 3*r + 15 = 0. Let u be -1 + ((-45)/z)/(1/4). What is the greatest common divisor of u and 2?
2
Let x(o) = -9*o + 453. Let f be x(50). Let g be f - -2 - (9 - 67). What is the highest common divisor of 441 and g?
63
Suppose 0 = 54*u - 56*u + 2*j + 9670, 4850 = u - 4*j. Calculate the greatest common divisor of u and 75.
15
Let x(y) = -y**3 + 44*y**2 + 25*y - 1076. Let v be x(44). What is the highest common divisor of v and 1704?
24
Let g(n) = n**3 + 9*n**2 + 11*n - 6. Let d be g(-7). Suppose -27*k = -96 + d. What is the highest common divisor of k and 66?
3
Let w be 211*4 - (-15)/(-10)*(-80)/60. Calculate the greatest common factor of 12 and w.
6
Let b(z) = 18*z + 484. Let u be b(-25). Calculate the highest common divisor of u and 6732.
34
Let a(s) = -73*s + 641. Let m be a(9). Let x(q) = q**3 + 3*q**2 - 3*q. Let r be x(-4). Let y be 3/r - 396/m. What is the greatest common factor of 12 and y?
12
Suppose -45013 + 9813 = -20*y. Calculate the highest common factor of 6336 and y.
352
Let z(m) = 2*m**3 - 10*m**2 - 23*m + 97. Let b be z(6). Calculate the highest common divisor of b and 1829.
31
Let d be (-7)/(14/(-12)) - 3. Let m(f) be the first derivative of 3*f**4/4 + f**2/2 + f - 129. Let a be m(d). Calculate the greatest common divisor of 17 and a.
17
Suppose 0 = 2*b - t - 16, -3*t + 1 = -5*b + 41. Calculate the highest common divisor of b and 892.
4
Let g be 4/(-14) - 130/182. Let h(l) = 64*l**2 - 1. Let a be h(g). Calculate the greatest common divisor of a and 3.
3
Let m(l) = -l**3 + 5*l**2 + 7*l - 4. Let j be m(6). Let g be -22 + (-9)/((-9)/j). Let p = -15 - g. Calculate the highest common divisor of p and 35.
5
Suppose 4*y + 3*x - 554 = -0*y, 2*y + 3*x - 274 = 0. Let d be (4*63/144)/(1/20). Calculate the highest common divisor of y and d.
35
Suppose -3*l = 5*w - 15902 - 7965, -5*l + 4747 = w. Calculate the greatest common factor of w and 17.
17
Let z be 0 - 856/(-8) - 1. Suppose 5*c - 2*y - 84 = 88, -3*c + 4*y + z = 0. Calculate the highest common factor of c and 2.
2
Let s(h) = -5*h - 42. Let j be s(-9). Suppose -4*d + 3*d + 40 = -j*p, 0 = d - 4*p - 40. What is the highest common divisor of d and 100?
20
Let q(i) = -5*i**2 - 258*i - 65. Let u be q(-49). What is the highest common divisor of 520 and u?
52
Let r = -27 + 23. Let c(s) = -s**3 - 3*s**2 - 4*s - 3. Let d be c(r). Let k = 108 - -124. What is the greatest common factor of k and d?
29
Let s = -41 + 77. Suppose 7*x = 10*x - s. Let v be 8/(2 + -4) + (45 - -19). Wha